. Let f be i(-15). Let j = h - f. What are the prime factors of j?
2, 7, 11
Let a be (1 - 1) + 17 + -20. Let m be -2*((-366)/(-4))/a*-3. Let n = -26 - m. List the prime factors of n.
157
Suppose 5*s = -36 + 46. Suppose r + 2*r - 425 = -s*y, 15 = -5*r. Let w = 36 + y. List the prime factors of w.
11, 23
Suppose -3*w - 1764 = w + 4*m, -2*w - 879 = 3*m. List the prime factors of (11/(-2) - (-25 - -20))*w.
2, 3, 37
Let w be 58/(1*(-8)/(-12)). Let h = w + -43. List the prime factors of h.
2, 11
Suppose -32 = 4*s - 44. Suppose w - s*w = -2*h + 1438, -4*h + 5*w + 2875 = 0. Suppose 7*f - 5*j = 2*f + h, -2*f + 288 = 3*j. List the prime factors of f.
2, 3
Suppose 0*d + 4*d + 970 = -2*b, 4*b - 4*d + 1904 = 0. Let z = b - -744. What are the prime factors of z?
5, 53
Let c = 39914 - 23659. What are the prime factors of c?
5, 3251
Let r = 171 - 77. Let y = 118 + r. List the prime factors of y.
2, 53
Suppose -a + 9140 = 3*q, 0 = -3*a - q + 33767 - 6323. List the prime factors of a.
7, 1307
Let s be -16*3/(-6) + 2 + -1. Let y = -7 + 7. Let c = s + y. What are the prime factors of c?
3
Let t = -644 + 12597. List the prime factors of t.
11953
Suppose 595*o = 507*o + 242176. What are the prime factors of o?
2, 43
Let o(t) = 130*t**2 - 13*t - 235. List the prime factors of o(-6).
4523
Suppose 7*f = 13*f - 702. Let i = f - 72. List the prime factors of i.
3, 5
Let h = 18 + -9. Suppose -h*z - 15320 = -29*z. List the prime factors of z.
2, 383
Let j(a) = -94*a - 87. Let g = 427 - 432. List the prime factors of j(g).
383
Let t(z) = -3248*z**3 + 6*z**2 + z - 6. What are the prime factors of t(-1)?
17, 191
Let p be (-4397)/(-2) - (-10)/(-20). Let x = p + -1513. Suppose 171 = w + j, 5*w + 5*j = w + x. List the prime factors of w.
2, 5, 17
Let u = 1 + 0. Suppose -3*w - 18 = 5*g, 2*g = -4*w - w - 11. List the prime factors of (-225)/(-5) + u/w.
2, 11
Let q = 20 - 18. Let t(w) = 34*w**2 - w + 1. Let z(b) = -67*b**2 + 3*b - 2. Let j(s) = 5*t(s) + 2*z(s). List the prime factors of j(q).
3, 7
List the prime factors of (4179 - 616) + (0/1 - -6).
43, 83
Let q(x) = 190*x**2 + 101*x - 10. List the prime factors of q(-4).
2, 13, 101
Let d(q) = 5*q**3 - 4*q**2 + 3*q + 15. Let i be d(-3). Let y = 154 - i. List the prime factors of y.
11, 29
Let r(n) = -53*n - 129 - 65 + 137*n - 110 + 59*n. What are the prime factors of r(11)?
3, 47
Let o(b) = 108*b**2 + 6*b - 78. List the prime factors of o(-7).
2, 3, 431
Let h = 137 + -118. Suppose 0 = 2*l + 5*n - 930, -l - 15*n = -h*n - 439. List the prime factors of l.
5, 7, 13
Suppose a - 979 = -5*v, 4*a - 193 - 408 = -3*v. Let t = 365 - v. Let o = -55 + t. What are the prime factors of o?
5, 23
Let v = -61 + 37. Let j = v - -18. List the prime factors of j/10 + 493/5.
2, 7
Let a be (24/(-20))/(4/(-90)). Let q(n) = n**2 - n - 8. Let i be q(-3). Let m = a + i. List the prime factors of m.
31
Suppose -3*v + 319 = -5*x, -v = -2*v - 4*x + 129. Suppose -v*l = -115*l - 272. List the prime factors of 4660/17 - (-16)/l.
2, 137
Suppose -25 = -23*f + 21. Let h(b) = b**2 + 10*b - 16. Let u be h(-12). What are the prime factors of ((f - -1)*-1)/((-1)/u)?
2, 3
Let h(k) = 7*k - 30. Let b(n) = -2*n - 1. Let p(d) = -2*b(d) + h(d). Let z(w) = -w + 1. Let t(o) = 3*p(o) + 15*z(o). List the prime factors of t(10).
3, 37
Let y(w) = -5*w**3 + 22*w**2 + 16*w - 23. What are the prime factors of y(-12)?
11593
Let o = -8462 + 26517. What are the prime factors of o?
5, 23, 157
Suppose -d - 4*q = 18, -8*d - q + 63 = -10*d. What are the prime factors of (-4524)/(-10) - (3 - (-78)/d)?
2, 113
Suppose 28*h - 32*h = -80. Suppose h*b - 7182 = 3298. List the prime factors of b.
2, 131
Suppose -17*y = -21*y + 2*o + 172262, -4*o = 2*y - 86156. List the prime factors of y.
2, 3, 37, 97
Let m = 11467 + -5695. List the prime factors of m.
2, 3, 13, 37
Suppose 35*l - 1262352 = -34*l + 27*l. What are the prime factors of l?
2, 13, 17
Suppose 75*f - 1952183 + 1531010 = 2407902. What are the prime factors of f?
67, 563
Suppose -3*d + 3*r = -21, 38 - 1 = 5*d - 4*r. Let v(q) = 15*q + 15. List the prime factors of v(d).
2, 3, 5
Let x(r) = -r**3 - r**2 + 26. Let b be x(0). Let t = b - 19. What are the prime factors of ((-4)/14 + 331/t)*1?
47
Let z(o) = 180*o**3 - 8*o**2 + 13*o + 1. Let i be z(2). Let t = i + -826. List the prime factors of t.
3, 7, 29
Let a(m) = 204 - 372 - m**2 - 21*m + 180. Let t be (-78)/4 - (-1)/(-2). List the prime factors of a(t).
2
Let y(j) = -69*j - 1180. List the prime factors of y(-34).
2, 11, 53
Suppose 0 = 10*t + 22*t + 31968. Let o = t + 1493. List the prime factors of o.
2, 13, 19
Let h = 13842 + -1402. What are the prime factors of h?
2, 5, 311
Let o(t) = 24*t**2 + 10*t - 16. Suppose -15*p - 2*p = -34. List the prime factors of o(p).
2, 5
What are the prime factors of 72/12*29628/24?
3, 823
Let u = 309 - 303. What are the prime factors of 758 + u/(-3) + 7?
7, 109
Let x(q) = 34*q - 149. Suppose 120*f + 48 = 123*f. What are the prime factors of x(f)?
5, 79
Let m = 57 - 43. Let d be 609/(-29)*228/m. List the prime factors of d/(-5) - 4/10.
2, 17
Suppose -19*b + 47288 = 5*x - 21*b, 3*b + 28362 = 3*x. List the prime factors of x.
2, 5, 11, 43
Suppose -2*a + 7*a = 4*a + 25900. List the prime factors of a.
2, 5, 7, 37
Let v be ((-2)/(10/(-15)))/1. Suppose v*d = 4*d + 21. Let t(a) = -a**2 - 29*a - 51. What are the prime factors of t(d)?
3, 13
Let t = 16901 - 10185. List the prime factors of t.
2, 23, 73
Suppose 0 = -7*f + 6*f + s + 10293, -4*s = 2*f - 20598. What are the prime factors of f?
5, 29, 71
Let v(m) = 6*m**2 - 57*m + 565. What are the prime factors of v(15)?
2, 5, 53
Let o be 6/(-24) - 1/(20/(-31105)). Let l = 3372 - o. What are the prime factors of l?
23, 79
Let y(f) = -2*f - 5. Let b(r) = 4*r + 11. Let g(q) = -2*b(q) - 5*y(q). Suppose 0 = -66*j + 45*j + 189. What are the prime factors of g(j)?
3, 7
Let j = 199 + -196. Suppose j*z = -o + 2630, 0 = 5*z - 0*z + o - 4384. List the prime factors of z.
877
Let d(x) = 3*x - 42. Let a be d(15). Suppose -17*w + a*i + 8135 = -13*w, 5*w - 10145 = -i. List the prime factors of w.
2, 5, 7, 29
Let r(u) = -900*u**3 - 416*u**2 - 1665*u - 13. What are the prime factors of r(-4)?
3, 79
Suppose 162 = 7*j + 2*j. Let i = 21 - j. Suppose -3*o = -2*p + i*p - 44, -44 = -p + 2*o. What are the prime factors of p?
2, 11
Let i(y) = -61*y + 63. Suppose 10 = 313*d - 315*d. What are the prime factors of i(d)?
2, 23
Let z = -25179 - -62450. What are the prime factors of z?
13, 47, 61
Suppose r - 3 = -b, -r = -4*r. Let s be (0 + b/(-12))/((-1)/436). Let t = 231 - s. What are the prime factors of t?
2, 61
Let d be 0/(2 - (-5 + 5)). Suppose d = 4*a + 5*z - 6707, -3*a - 5*z + 6174 = 1145. List the prime factors of a.
2, 839
Suppose 15*q - 18*q + 3*w = -14406, 0 = -5*q - 5*w + 24050. List the prime factors of q.
2, 3, 89
Let n = -43155 - -72203. List the prime factors of n.
2, 3631
Let f = 8421 - -7937. What are the prime factors of f?
2, 8179
Suppose 0 = -98*d + 86*d. Suppose d = -9*x + 302 + 1003. What are the prime factors of x?
5, 29
Let u = 16098 - 12311. What are the prime factors of u?
7, 541
Let c be ((-32)/4)/(-1*(4 + -2)). Suppose 5*k = c*l - 2297, -5*k = 2*l - 597 - 574. What are the prime factors of l?
2, 17
Suppose 42*x - 81*x + 285675 = 0. What are the prime factors of x?
5, 293
Suppose 0 = 5*x - 10, 4*w - 2*x - 2 = 2*w. Suppose 0 = -4*f + w*f + 99. List the prime factors of f.
3, 11
Let d = -10 - -28. Suppose 0 = d*k - 16*k. Suppose 5*v - 2*q - 81 = k, -7 = -5*v - 5*q + 88. What are the prime factors of v?
17
Let y = 398 + -394. Suppose 8*p - 9624 = -y*p. What are the prime factors of p?
2, 401
Suppose -3*b = -o - 40150, 0 = -2*b - 11*o + 15*o + 26740. What are the prime factors of b?
2, 3, 23, 97
Let x = -142 - -141. List the prime factors of ((-21)/6 + 3)/(x/374).
11, 17
Suppose 2*y - y = 4, -4*t + 5*y - 8 = 0. Suppose -15*z - 2*b = -17*z + 370, -3*z = t*b - 567. What are the prime factors of z?
11, 17
List the prime factors of 611 + ((-30)/5)/(7 + -9 + 4).
2, 19
Suppose -2*o - 2*j = -5*o + 7186, -j - 11965 = -5*o. Suppose -2*m = m, o = 2*h + m. List the prime factors of h.
2, 13, 23
Let y = -90 - -1622. Suppose 4*s = -4*l + 4092, -3*s + y = 4*l - 2556. List the prime factors of l.
1019
Let x(t) = -5 - 5*t + 0 + 10*t. Let